{"id":172,"date":"2026-03-24T15:38:36","date_gmt":"2026-03-24T14:38:36","guid":{"rendered":"https:\/\/egresados.une.edu.pe\/?page_id=172"},"modified":"2026-04-21T17:17:17","modified_gmt":"2026-04-21T15:17:17","slug":"resoluciones","status":"publish","type":"page","link":"https:\/\/egresados.une.edu.pe\/index.php\/resoluciones\/","title":{"rendered":"Resoluciones"},"content":{"rendered":"\n<div class=\"wp-block-cover\" style=\"min-height:300px;aspect-ratio:unset;\"><img loading=\"lazy\" decoding=\"async\" width=\"1024\" height=\"341\" class=\"wp-block-cover__image-background wp-image-505 size-large\" alt=\"\" src=\"https:\/\/egresados.une.edu.pe\/wp-content\/uploads\/2026\/04\/ChatGPT-Image-15-abr-2026-11_03_48-1024x341.png\" data-object-fit=\"cover\" srcset=\"https:\/\/egresados.une.edu.pe\/wp-content\/uploads\/2026\/04\/ChatGPT-Image-15-abr-2026-11_03_48-1024x341.png 1024w, https:\/\/egresados.une.edu.pe\/wp-content\/uploads\/2026\/04\/ChatGPT-Image-15-abr-2026-11_03_48-300x100.png 300w, https:\/\/egresados.une.edu.pe\/wp-content\/uploads\/2026\/04\/ChatGPT-Image-15-abr-2026-11_03_48-768x256.png 768w, https:\/\/egresados.une.edu.pe\/wp-content\/uploads\/2026\/04\/ChatGPT-Image-15-abr-2026-11_03_48-1536x512.png 1536w, https:\/\/egresados.une.edu.pe\/wp-content\/uploads\/2026\/04\/ChatGPT-Image-15-abr-2026-11_03_48-2048x683.png 2048w\" sizes=\"auto, (max-width: 1024px) 100vw, 1024px\" \/><span aria-hidden=\"true\" class=\"wp-block-cover__background has-background-dim\" style=\"background-color:#53649e\"><\/span><div class=\"wp-block-cover__inner-container is-layout-constrained wp-block-cover-is-layout-constrained\">\n<p class=\"has-text-align-center has-large-font-size\">INICIO &gt; RESOLUCIONES<br>RESOLUCIONES<\/p>\n<\/div><\/div>\n\n\n\n<h2 class=\"wp-block-heading has-text-align-center has-text-color has-link-color wp-elements-022c004d4cd1b353d982e1a7f243f086\" style=\"color:#f5d76e\">RESOLUCIONES SEyFC<\/h2>\n\n\n\n<p class=\"has-text-align-center\">En esta secci\u00f3n se publican las resoluciones emitidas y aprobadas por las autoridades de la Universidad Nacional de Educaci\u00f3n Enrique Guzm\u00e1n y Valle para la Direcci\u00f3n de Seguimiento del Egresado y Formaci\u00f3n Continua (SEyFC), disponibles para su consulta y descarga.<\/p>\n\n\n\n<div class=\"wp-block-columns is-layout-flex wp-container-core-columns-is-layout-28f84493 wp-block-columns-is-layout-flex\">\n<div class=\"wp-block-column is-layout-flow wp-block-column-is-layout-flow\">\n<h2 class=\"wp-block-heading has-text-color has-link-color wp-elements-1c8039684c9f49fea9f4ca60d5a5a5c3\" style=\"color:#f5d76e\">Resoluci\u00f3n N.\u00b0 2902-2025-R-UNE<\/h2>\n\n\n\n<p>Fecha: 10\/03\/2026<br>Aprobaci\u00f3n del programa Diplomado en Elaboraci\u00f3n de Libros y Textos Autoinstructivos.<\/p>\n\n\n\n<figure class=\"wp-block-image size-full is-resized\"><img loading=\"lazy\" decoding=\"async\" width=\"822\" height=\"209\" src=\"https:\/\/egresados.une.edu.pe\/wp-content\/uploads\/2026\/03\/elaboracion-folleto-5.png\" alt=\"\" class=\"wp-image-182\" style=\"aspect-ratio:3.9333755007379296;width:547px;height:auto\" srcset=\"https:\/\/egresados.une.edu.pe\/wp-content\/uploads\/2026\/03\/elaboracion-folleto-5.png 822w, https:\/\/egresados.une.edu.pe\/wp-content\/uploads\/2026\/03\/elaboracion-folleto-5-300x76.png 300w, https:\/\/egresados.une.edu.pe\/wp-content\/uploads\/2026\/03\/elaboracion-folleto-5-768x195.png 768w\" sizes=\"auto, (max-width: 822px) 100vw, 822px\" \/><\/figure>\n\n\n\n<div class=\"wp-block-buttons is-content-justification-center is-layout-flex wp-container-core-buttons-is-layout-a89b3969 wp-block-buttons-is-layout-flex\">\n<div class=\"wp-block-button\"><a class=\"wp-block-button__link wp-element-button\" href=\"https:\/\/drive.google.com\/file\/d\/1j_WShDBO7sli3DV-Mv7qhAclo9_HyC1d\/view?usp=sharing\">DESCARGAR<\/a><\/div>\n<\/div>\n\n\n\n<h2 class=\"wp-block-heading has-text-color has-link-color wp-elements-5d6dae77454a8baaeb96070ea8000638\" style=\"color:#f5d76e\">Resoluci\u00f3n N.\u00b0 3970-2025-R-UNE<\/h2>\n\n\n\n<p>Fecha: 17\/12\/2025<br>Aprobaci\u00f3n del VIII Reencuentro de Egresados UNE.<br><\/p>\n\n\n\n<figure class=\"wp-block-image size-full\"><img loading=\"lazy\" decoding=\"async\" width=\"638\" height=\"135\" src=\"https:\/\/egresados.une.edu.pe\/wp-content\/uploads\/2026\/04\/REENCUENTROOOO.png\" alt=\"\" class=\"wp-image-504\" srcset=\"https:\/\/egresados.une.edu.pe\/wp-content\/uploads\/2026\/04\/REENCUENTROOOO.png 638w, https:\/\/egresados.une.edu.pe\/wp-content\/uploads\/2026\/04\/REENCUENTROOOO-300x63.png 300w\" sizes=\"auto, (max-width: 638px) 100vw, 638px\" \/><\/figure>\n\n\n\n<div class=\"wp-block-buttons is-content-justification-center is-layout-flex wp-container-core-buttons-is-layout-a89b3969 wp-block-buttons-is-layout-flex\">\n<div class=\"wp-block-button\"><a class=\"wp-block-button__link wp-element-button\" href=\"https:\/\/drive.google.com\/file\/d\/1Q_UTDgsHNg3ESwSUXSn2uOhzi0XsPv9v\/view?usp=sharing\">DESCARGAR<\/a><\/div>\n<\/div>\n\n\n\n<h2 class=\"wp-block-heading has-text-color has-link-color wp-elements-f6c31a03962a81e444e303de2c9d1cb5\" style=\"color:#f5d76e\">Resoluci\u00f3n N.\u00b0 0594-2026-R-UNE<\/h2>\n\n\n\n<p>Fecha: 23\/02\/2026<br>Aprobaci\u00f3n del Plan de Seguimiento 2025 de la Direcci\u00f3n de Seguimiento del Egresado y Formaci\u00f3n Continua<\/p>\n\n\n\n<figure class=\"wp-block-image size-full\"><img loading=\"lazy\" decoding=\"async\" width=\"802\" height=\"173\" src=\"https:\/\/egresados.une.edu.pe\/wp-content\/uploads\/2026\/04\/seguimiento.png\" alt=\"\" class=\"wp-image-569\" srcset=\"https:\/\/egresados.une.edu.pe\/wp-content\/uploads\/2026\/04\/seguimiento.png 802w, https:\/\/egresados.une.edu.pe\/wp-content\/uploads\/2026\/04\/seguimiento-300x65.png 300w, https:\/\/egresados.une.edu.pe\/wp-content\/uploads\/2026\/04\/seguimiento-768x166.png 768w\" sizes=\"auto, (max-width: 802px) 100vw, 802px\" \/><\/figure>\n\n\n\n<div class=\"wp-block-buttons is-content-justification-center is-layout-flex wp-container-core-buttons-is-layout-a89b3969 wp-block-buttons-is-layout-flex\">\n<div class=\"wp-block-button\"><a class=\"wp-block-button__link wp-element-button\" href=\"https:\/\/drive.google.com\/file\/d\/1Yc06zdhGPDMEMDR62pwT7dxJ4FF7yJrZ\/view?usp=sharing\">DESCARGAR<\/a><\/div>\n<\/div>\n<\/div>\n\n\n\n<div class=\"wp-block-column is-layout-flow wp-block-column-is-layout-flow\">\n<h2 class=\"wp-block-heading has-text-color has-link-color wp-elements-88269286487ce207e23d13e2f4758f16\" style=\"color:#f5d76e\">Resoluci\u00f3n N.\u00ba 0359-2026-R-UNE<\/h2>\n\n\n\n<p>Fecha:28\/01\/2026<br>Aprobaci\u00f3n del Plan de Trabajo 2025 de la Direcci\u00f3n de Seguimiento del Egresado y Formaci\u00f3n Continua<\/p>\n\n\n\n<figure class=\"wp-block-image size-full\"><img loading=\"lazy\" decoding=\"async\" width=\"926\" height=\"217\" src=\"https:\/\/egresados.une.edu.pe\/wp-content\/uploads\/2026\/03\/imagen-plan.png\" alt=\"\" class=\"wp-image-176\" srcset=\"https:\/\/egresados.une.edu.pe\/wp-content\/uploads\/2026\/03\/imagen-plan.png 926w, https:\/\/egresados.une.edu.pe\/wp-content\/uploads\/2026\/03\/imagen-plan-300x70.png 300w, https:\/\/egresados.une.edu.pe\/wp-content\/uploads\/2026\/03\/imagen-plan-768x180.png 768w\" sizes=\"auto, (max-width: 926px) 100vw, 926px\" \/><\/figure>\n\n\n\n<div class=\"wp-block-buttons is-content-justification-center is-layout-flex wp-container-core-buttons-is-layout-a89b3969 wp-block-buttons-is-layout-flex\">\n<div class=\"wp-block-button\"><a class=\"wp-block-button__link wp-element-button\" href=\"https:\/\/drive.google.com\/file\/d\/1sEF-amKljux2NeNjhYJfddpViCLleHaW\/view?usp=sharing\">DESCARGAR<\/a><\/div>\n<\/div>\n\n\n\n<h2 class=\"wp-block-heading has-text-color has-link-color wp-elements-a1db794ec88058c9f86e94df0e06f2fc\" style=\"color:#f5d76e\">Resoluci\u00f3n N.\u00ba 1821-2025-R-UNE<\/h2>\n\n\n\n<p>Fecha: 16\/07\/2026<br>Aprobaci\u00f3n del programa Intercambio de Experiencias Profesionales de Egresados de la UNE.<\/p>\n\n\n\n<figure class=\"wp-block-image size-full\"><img loading=\"lazy\" decoding=\"async\" width=\"659\" height=\"147\" src=\"https:\/\/egresados.une.edu.pe\/wp-content\/uploads\/2026\/04\/INTERCAMBIOEXPP-1.png\" alt=\"\" class=\"wp-image-503\" srcset=\"https:\/\/egresados.une.edu.pe\/wp-content\/uploads\/2026\/04\/INTERCAMBIOEXPP-1.png 659w, https:\/\/egresados.une.edu.pe\/wp-content\/uploads\/2026\/04\/INTERCAMBIOEXPP-1-300x67.png 300w\" sizes=\"auto, (max-width: 659px) 100vw, 659px\" \/><\/figure>\n\n\n\n<div class=\"wp-block-buttons is-content-justification-center is-layout-flex wp-container-core-buttons-is-layout-a89b3969 wp-block-buttons-is-layout-flex\">\n<div class=\"wp-block-button\"><a class=\"wp-block-button__link wp-element-button\" href=\"https:\/\/drive.google.com\/file\/d\/1NWOZ6y5Klk_0bfWqpu1gmkonyQk-rJg8\/view?usp=sharing\">DESCARGAR<\/a><\/div>\n<\/div>\n<\/div>\n<\/div>\n\n\n\n<div class=\"wp-block-columns is-layout-flex wp-container-core-columns-is-layout-28f84493 wp-block-columns-is-layout-flex\">\n<div class=\"wp-block-column is-layout-flow wp-block-column-is-layout-flow\"><\/div>\n\n\n\n<div class=\"wp-block-column is-layout-flow wp-block-column-is-layout-flow\"><\/div>\n<\/div>\n","protected":false},"excerpt":{"rendered":"<p>RESOLUCIONES SEyFC En esta secci\u00f3n se publican las resoluciones emitidas y aprobadas por las autoridades de la Universidad Nacional de [&hellip;]<\/p>\n","protected":false},"author":1,"featured_media":0,"parent":0,"menu_order":0,"comment_status":"closed","ping_status":"closed","template":"","meta":{"site-sidebar-layout":"default","site-content-layout":"","ast-site-content-layout":"default","site-content-style":"default","site-sidebar-style":"default","ast-global-header-display":"","ast-banner-title-visibility":"","ast-main-header-display":"","ast-hfb-above-header-display":"","ast-hfb-below-header-display":"","ast-hfb-mobile-header-display":"","site-post-title":"disabled","ast-breadcrumbs-content":"","ast-featured-img":"","footer-sml-layout":"","ast-disable-related-posts":"","theme-transparent-header-meta":"","adv-header-id-meta":"","stick-header-meta":"","header-above-stick-meta":"","header-main-stick-meta":"","header-below-stick-meta":"","astra-migrate-meta-layouts":"default","ast-page-background-enabled":"default","ast-page-background-meta":{"desktop":{"background-color":"var(--ast-global-color-5)","background-image":"","background-repeat":"repeat","background-position":"center center","background-size":"auto","background-attachment":"scroll","background-type":"","background-media":"","overlay-type":"","overlay-color":"","overlay-opacity":"","overlay-gradient":""},"tablet":{"background-color":"","background-image":"","background-repeat":"repeat","background-position":"center center","background-size":"auto","background-attachment":"scroll","background-type":"","background-media":"","overlay-type":"","overlay-color":"","overlay-opacity":"","overlay-gradient":""},"mobile":{"background-color":"","background-image":"","background-repeat":"repeat","background-position":"center center","background-size":"auto","background-attachment":"scroll","background-type":"","background-media":"","overlay-type":"","overlay-color":"","overlay-opacity":"","overlay-gradient":""}},"ast-content-background-meta":{"desktop":{"background-color":"var(--ast-global-color-4)","background-image":"","background-repeat":"repeat","background-position":"center center","background-size":"auto","background-attachment":"scroll","background-type":"","background-media":"","overlay-type":"","overlay-color":"","overlay-opacity":"","overlay-gradient":""},"tablet":{"background-color":"var(--ast-global-color-4)","background-image":"","background-repeat":"repeat","background-position":"center center","background-size":"auto","background-attachment":"scroll","background-type":"","background-media":"","overlay-type":"","overlay-color":"","overlay-opacity":"","overlay-gradient":""},"mobile":{"background-color":"var(--ast-global-color-4)","background-image":"","background-repeat":"repeat","background-position":"center center","background-size":"auto","background-attachment":"scroll","background-type":"","background-media":"","overlay-type":"","overlay-color":"","overlay-opacity":"","overlay-gradient":""}},"footnotes":""},"class_list":["post-172","page","type-page","status-publish","hentry"],"_links":{"self":[{"href":"https:\/\/egresados.une.edu.pe\/index.php\/wp-json\/wp\/v2\/pages\/172","targetHints":{"allow":["GET"]}}],"collection":[{"href":"https:\/\/egresados.une.edu.pe\/index.php\/wp-json\/wp\/v2\/pages"}],"about":[{"href":"https:\/\/egresados.une.edu.pe\/index.php\/wp-json\/wp\/v2\/types\/page"}],"author":[{"embeddable":true,"href":"https:\/\/egresados.une.edu.pe\/index.php\/wp-json\/wp\/v2\/users\/1"}],"replies":[{"embeddable":true,"href":"https:\/\/egresados.une.edu.pe\/index.php\/wp-json\/wp\/v2\/comments?post=172"}],"version-history":[{"count":19,"href":"https:\/\/egresados.une.edu.pe\/index.php\/wp-json\/wp\/v2\/pages\/172\/revisions"}],"predecessor-version":[{"id":731,"href":"https:\/\/egresados.une.edu.pe\/index.php\/wp-json\/wp\/v2\/pages\/172\/revisions\/731"}],"wp:attachment":[{"href":"https:\/\/egresados.une.edu.pe\/index.php\/wp-json\/wp\/v2\/media?parent=172"}],"curies":[{"name":"wp","href":"https:\/\/api.w.org\/{rel}","templated":true}]}}