{"id":92,"date":"2026-03-23T15:20:32","date_gmt":"2026-03-23T14:20:32","guid":{"rendered":"https:\/\/egresados.une.edu.pe\/?page_id=92"},"modified":"2026-04-21T07:53:24","modified_gmt":"2026-04-21T05:53:24","slug":"formacion-continua","status":"publish","type":"page","link":"https:\/\/egresados.une.edu.pe\/index.php\/formacion-continua\/","title":{"rendered":"Formaci\u00f3n Continua"},"content":{"rendered":"\n<div class=\"wp-block-cover\" style=\"min-height:300px;aspect-ratio:unset;\"><img loading=\"lazy\" decoding=\"async\" width=\"1536\" height=\"1024\" class=\"wp-block-cover__image-background wp-image-487 size-full\" alt=\"\" src=\"https:\/\/egresados.une.edu.pe\/wp-content\/uploads\/2026\/04\/formacioncontinua.png\" style=\"object-position:64% 25%\" data-object-fit=\"cover\" data-object-position=\"64% 25%\" srcset=\"https:\/\/egresados.une.edu.pe\/wp-content\/uploads\/2026\/04\/formacioncontinua.png 1536w, https:\/\/egresados.une.edu.pe\/wp-content\/uploads\/2026\/04\/formacioncontinua-300x200.png 300w, https:\/\/egresados.une.edu.pe\/wp-content\/uploads\/2026\/04\/formacioncontinua-1024x683.png 1024w, https:\/\/egresados.une.edu.pe\/wp-content\/uploads\/2026\/04\/formacioncontinua-768x512.png 768w\" sizes=\"auto, (max-width: 1536px) 100vw, 1536px\" \/><span aria-hidden=\"true\" class=\"wp-block-cover__background has-background-dim-30 has-background-dim\" style=\"background-color:#485ba7\"><\/span><div class=\"wp-block-cover__inner-container is-layout-constrained wp-block-cover-is-layout-constrained\">\n<p class=\"has-text-align-center has-large-font-size\">INICIO &gt; <strong>FORMACI\u00d3N CONTINUA<\/strong><br>Formaci\u00f3n Continua<\/p>\n<\/div><\/div>\n\n\n\n<h2 class=\"wp-block-heading has-x-large-font-size\"><strong>DIPLOMADOS<\/strong><\/h2>\n\n\n\n<div class=\"wp-block-media-text is-stacked-on-mobile\"><figure class=\"wp-block-media-text__media\"><img loading=\"lazy\" decoding=\"async\" width=\"724\" height=\"1024\" src=\"https:\/\/egresados.une.edu.pe\/wp-content\/uploads\/2026\/03\/WhatsApp-Image-2026-03-23-at-11.05.28-724x1024.jpeg\" alt=\"\" class=\"wp-image-117 size-full\" srcset=\"https:\/\/egresados.une.edu.pe\/wp-content\/uploads\/2026\/03\/WhatsApp-Image-2026-03-23-at-11.05.28-724x1024.jpeg 724w, https:\/\/egresados.une.edu.pe\/wp-content\/uploads\/2026\/03\/WhatsApp-Image-2026-03-23-at-11.05.28-212x300.jpeg 212w, https:\/\/egresados.une.edu.pe\/wp-content\/uploads\/2026\/03\/WhatsApp-Image-2026-03-23-at-11.05.28-768x1086.jpeg 768w, https:\/\/egresados.une.edu.pe\/wp-content\/uploads\/2026\/03\/WhatsApp-Image-2026-03-23-at-11.05.28-1086x1536.jpeg 1086w, https:\/\/egresados.une.edu.pe\/wp-content\/uploads\/2026\/03\/WhatsApp-Image-2026-03-23-at-11.05.28.jpeg 1131w\" sizes=\"auto, (max-width: 724px) 100vw, 724px\" \/><\/figure><div class=\"wp-block-media-text__content\">\n<h2 class=\"wp-block-heading has-text-align-center\">DIPLOMADO EN ELABORACI\u00d3N DE LIBROS Y TEXTOS AUTOINSTRUCTIVOS<\/h2>\n\n\n\n<p>El Diplomado tuvo como objetivo desarrollar un conjunto de estrategias que permita elaborar un libro o texto autoinstructivo de manera aut\u00f3noma.<\/p>\n\n\n\n<p>Organizado por la Direcci\u00f3n de Seguimiento del Egresado y Formaci\u00f3n Continua<\/p>\n\n\n\n<p>La modalidad fue h\u00edbrida, donde las clases fueron virtuales y el asesoramiento, acompa\u00f1amiento y retroalimentaci\u00f3n fue presencial por parte de los ponentes y evaluadores.<\/p>\n\n\n\n<p>La duraci\u00f3n del Diplomado fue de 6 meses.<\/p>\n\n\n\n<p>La certificaci\u00f3n fue v\u00e1lida por 24 cr\u00e9ditos y 580 horas acad\u00e9micas.<\/p>\n\n\n\n<p>94 participantes inscritos en el Diplomado.<\/p>\n\n\n\n<p>El diplomado fue desarrollado en 6 m\u00f3dulos.<\/p>\n\n\n\n<div class=\"wp-block-buttons is-content-justification-center is-layout-flex wp-container-core-buttons-is-layout-a89b3969 wp-block-buttons-is-layout-flex\">\n<div class=\"wp-block-button is-style-fill\"><a class=\"wp-block-button__link has-luminous-vivid-amber-to-luminous-vivid-orange-gradient-background has-background has-text-align-center wp-element-button\">ENCUESTA SATISFACCI\u00d3N<\/a><\/div>\n<\/div>\n<\/div><\/div>\n\n\n\n<div class=\"wp-block-columns is-layout-flex wp-container-core-columns-is-layout-28f84493 wp-block-columns-is-layout-flex\">\n<div class=\"wp-block-column is-layout-flow wp-block-column-is-layout-flow\">\n<div class=\"wp-block-media-text is-stacked-on-mobile\"><figure class=\"wp-block-media-text__media\"><img loading=\"lazy\" decoding=\"async\" width=\"400\" height=\"399\" src=\"https:\/\/egresados.une.edu.pe\/wp-content\/uploads\/2026\/03\/DR-RAUL-CORTEZ-BERROCAL-1.jpg\" alt=\"\" class=\"wp-image-119 size-full\" srcset=\"https:\/\/egresados.une.edu.pe\/wp-content\/uploads\/2026\/03\/DR-RAUL-CORTEZ-BERROCAL-1.jpg 400w, https:\/\/egresados.une.edu.pe\/wp-content\/uploads\/2026\/03\/DR-RAUL-CORTEZ-BERROCAL-1-300x300.jpg 300w, https:\/\/egresados.une.edu.pe\/wp-content\/uploads\/2026\/03\/DR-RAUL-CORTEZ-BERROCAL-1-150x150.jpg 150w\" sizes=\"auto, (max-width: 400px) 100vw, 400px\" \/><\/figure><div class=\"wp-block-media-text__content\">\n<p>PONENTE PRINCIPAL<\/p>\n\n\n\n<p>Dr. Jos\u00e9 Ra\u00fal Cortez Berrocal<\/p>\n\n\n\n<p class=\"has-text-align-left has-small-font-size\">Pedagogo de probada capacidad para resolver tareas en el campo de la educaci\u00f3n; teniendo en cuenta la Gesti\u00f3n Institucional, la Gesti\u00f3n Pedag\u00f3gica y la Gesti\u00f3n Administrativa. Desarrolla la gesti\u00f3n educativa, la teor\u00eda y doctrina educativa, la planificaci\u00f3n y programaci\u00f3n curricular, la did\u00e1ctica general y especial, estrategias de ense\u00f1anza y aprendizaje, evaluaci\u00f3n de los aprendizajes y formulaci\u00f3n de proyectos productivos.<\/p>\n<\/div><\/div>\n\n\n\n<div class=\"wp-block-media-text is-stacked-on-mobile\"><figure class=\"wp-block-media-text__media\"><img loading=\"lazy\" decoding=\"async\" width=\"1024\" height=\"1024\" src=\"https:\/\/egresados.une.edu.pe\/wp-content\/uploads\/2026\/04\/marypantachunga-1.png\" alt=\"\" class=\"wp-image-497 size-full\" srcset=\"https:\/\/egresados.une.edu.pe\/wp-content\/uploads\/2026\/04\/marypantachunga-1.png 1024w, https:\/\/egresados.une.edu.pe\/wp-content\/uploads\/2026\/04\/marypantachunga-1-300x300.png 300w, https:\/\/egresados.une.edu.pe\/wp-content\/uploads\/2026\/04\/marypantachunga-1-150x150.png 150w, https:\/\/egresados.une.edu.pe\/wp-content\/uploads\/2026\/04\/marypantachunga-1-768x768.png 768w\" sizes=\"auto, (max-width: 1024px) 100vw, 1024px\" \/><\/figure><div class=\"wp-block-media-text__content\">\n<p>PONENTE Y ORGANIZADORA<\/p>\n\n\n\n<p>Dra. Mary Inocencia Panta Chunga<\/p>\n\n\n\n<p class=\"has-small-font-size\">Docente ADE de la Universidad Nacional Enrique Guzm\u00e1n y Valle, doctora en Ciencias de la Educaci\u00f3n, Magister en docencia Universitaria, licenciada en Ciencias de la Educaci\u00f3n en la especialidad de Lengua y Literatura, bachiller en Ciencias de la Educaci\u00f3n, con experiencia en el magisterio Nacional en el campo pedag\u00f3gico, administrativo e investigaci\u00f3n educativa con producci\u00f3n y publicaci\u00f3n de art\u00edculos cient\u00edficos, as\u00ed como libros f\u00edsicos y electr\u00f3nicos. Actualmente ejerce la docencia universitaria y es Directora Seguimiento del Egresado y Formaci\u00f3n Continua.<\/p>\n<\/div><\/div>\n<\/div>\n\n\n\n<div class=\"wp-block-column is-layout-flow wp-block-column-is-layout-flow\">\n<div class=\"wp-block-media-text is-stacked-on-mobile\" style=\"grid-template-columns:39% auto\"><figure class=\"wp-block-media-text__media\"><img loading=\"lazy\" decoding=\"async\" width=\"738\" height=\"1015\" src=\"https:\/\/egresados.une.edu.pe\/wp-content\/uploads\/2026\/04\/fernandomendoza-2.jpeg\" alt=\"\" class=\"wp-image-493 size-full\" srcset=\"https:\/\/egresados.une.edu.pe\/wp-content\/uploads\/2026\/04\/fernandomendoza-2.jpeg 738w, https:\/\/egresados.une.edu.pe\/wp-content\/uploads\/2026\/04\/fernandomendoza-2-218x300.jpeg 218w\" sizes=\"auto, (max-width: 738px) 100vw, 738px\" \/><\/figure><div class=\"wp-block-media-text__content\">\n<p>PONENTE<\/p>\n\n\n\n<p>Dr. Fernando Mendoza Urbina<\/p>\n\n\n\n<p class=\"has-text-align-left has-small-font-size\">Docente investigador de la Universidad Nacional Enrique Guzm\u00e1n y Valle, en la Facultad de Ciencias Sociales y Humanidades, ha publicado libros de narrativa contempor\u00e1nea y comunicaci\u00f3n oral. Con experiencia en educaci\u00f3n b\u00e1sica regular en la especialidad de Literatura y Lengua Espa\u00f1ola. Doctor en Ciencias de la Educaci\u00f3n y magi\u00adster en Administraci\u00f3n de la Educaci\u00f3n. Estudios de Segunda Especialidad en Did\u00e1ctica de la Investigaci\u00f3n en Entornos Virtuales. Diplomado en Herramientas del Coaching para el Desarrollo de Habilidades Sociales.<\/p>\n<\/div><\/div>\n\n\n\n<div class=\"wp-block-media-text is-stacked-on-mobile is-vertically-aligned-center\" style=\"grid-template-columns:45% auto\"><figure class=\"wp-block-media-text__media\"><img loading=\"lazy\" decoding=\"async\" width=\"207\" height=\"215\" src=\"https:\/\/egresados.une.edu.pe\/wp-content\/uploads\/2026\/04\/recc1-2.png\" alt=\"\" class=\"wp-image-596 size-full\"\/><\/figure><div class=\"wp-block-media-text__content\">\n<p class=\"has-text-align-center\">\u00bfRECOMENDARIA ESTE DIPLOMADO A OTRAS PERSONAS?<\/p>\n\n\n\n<p>Un 96.9% de participantes del diplomado recomendar\u00edan nuestro diplomado a otras personas.<\/p>\n<\/div><\/div>\n\n\n\n<div class=\"wp-block-media-text is-stacked-on-mobile\" style=\"grid-template-columns:45% auto\"><figure class=\"wp-block-media-text__media\"><img loading=\"lazy\" decoding=\"async\" width=\"287\" height=\"247\" src=\"https:\/\/egresados.une.edu.pe\/wp-content\/uploads\/2026\/04\/recc2.png\" alt=\"\" class=\"wp-image-597 size-full\"\/><\/figure><div class=\"wp-block-media-text__content\">\n<p class=\"has-text-align-center\">\u00bfCUAL ES TU VALORACI\u00d3N DEL CURSO?<\/p>\n\n\n\n<p>El 100% de los participantes considera positivamente el Diplomado. Asimismo el 81.3% considera que fue Excelente y un 18.8% considera que fue Adecuado.<\/p>\n<\/div><\/div>\n<\/div>\n<\/div>\n\n\n\n<p><\/p>\n","protected":false},"excerpt":{"rendered":"<p>DIPLOMADOS PONENTE PRINCIPAL Dr. Jos\u00e9 Ra\u00fal Cortez Berrocal Pedagogo de probada capacidad para resolver tareas en el campo de la [&hellip;]<\/p>\n","protected":false},"author":1,"featured_media":0,"parent":0,"menu_order":0,"comment_status":"closed","ping_status":"closed","template":"","meta":{"site-sidebar-layout":"default","site-content-layout":"","ast-site-content-layout":"default","site-content-style":"default","site-sidebar-style":"default","ast-global-header-display":"","ast-banner-title-visibility":"","ast-main-header-display":"","ast-hfb-above-header-display":"","ast-hfb-below-header-display":"","ast-hfb-mobile-header-display":"","site-post-title":"disabled","ast-breadcrumbs-content":"","ast-featured-img":"","footer-sml-layout":"","ast-disable-related-posts":"","theme-transparent-header-meta":"","adv-header-id-meta":"","stick-header-meta":"","header-above-stick-meta":"","header-main-stick-meta":"","header-below-stick-meta":"","astra-migrate-meta-layouts":"default","ast-page-background-enabled":"default","ast-page-background-meta":{"desktop":{"background-color":"var(--ast-global-color-5)","background-image":"","background-repeat":"repeat","background-position":"center center","background-size":"auto","background-attachment":"scroll","background-type":"","background-media":"","overlay-type":"","overlay-color":"","overlay-opacity":"","overlay-gradient":""},"tablet":{"background-color":"","background-image":"","background-repeat":"repeat","background-position":"center center","background-size":"auto","background-attachment":"scroll","background-type":"","background-media":"","overlay-type":"","overlay-color":"","overlay-opacity":"","overlay-gradient":""},"mobile":{"background-color":"","background-image":"","background-repeat":"repeat","background-position":"center center","background-size":"auto","background-attachment":"scroll","background-type":"","background-media":"","overlay-type":"","overlay-color":"","overlay-opacity":"","overlay-gradient":""}},"ast-content-background-meta":{"desktop":{"background-color":"var(--ast-global-color-4)","background-image":"","background-repeat":"repeat","background-position":"center center","background-size":"auto","background-attachment":"scroll","background-type":"","background-media":"","overlay-type":"","overlay-color":"","overlay-opacity":"","overlay-gradient":""},"tablet":{"background-color":"var(--ast-global-color-4)","background-image":"","background-repeat":"repeat","background-position":"center center","background-size":"auto","background-attachment":"scroll","background-type":"","background-media":"","overlay-type":"","overlay-color":"","overlay-opacity":"","overlay-gradient":""},"mobile":{"background-color":"var(--ast-global-color-4)","background-image":"","background-repeat":"repeat","background-position":"center center","background-size":"auto","background-attachment":"scroll","background-type":"","background-media":"","overlay-type":"","overlay-color":"","overlay-opacity":"","overlay-gradient":""}},"footnotes":""},"class_list":["post-92","page","type-page","status-publish","hentry"],"_links":{"self":[{"href":"https:\/\/egresados.une.edu.pe\/index.php\/wp-json\/wp\/v2\/pages\/92","targetHints":{"allow":["GET"]}}],"collection":[{"href":"https:\/\/egresados.une.edu.pe\/index.php\/wp-json\/wp\/v2\/pages"}],"about":[{"href":"https:\/\/egresados.une.edu.pe\/index.php\/wp-json\/wp\/v2\/types\/page"}],"author":[{"embeddable":true,"href":"https:\/\/egresados.une.edu.pe\/index.php\/wp-json\/wp\/v2\/users\/1"}],"replies":[{"embeddable":true,"href":"https:\/\/egresados.une.edu.pe\/index.php\/wp-json\/wp\/v2\/comments?post=92"}],"version-history":[{"count":20,"href":"https:\/\/egresados.une.edu.pe\/index.php\/wp-json\/wp\/v2\/pages\/92\/revisions"}],"predecessor-version":[{"id":690,"href":"https:\/\/egresados.une.edu.pe\/index.php\/wp-json\/wp\/v2\/pages\/92\/revisions\/690"}],"wp:attachment":[{"href":"https:\/\/egresados.une.edu.pe\/index.php\/wp-json\/wp\/v2\/media?parent=92"}],"curies":[{"name":"wp","href":"https:\/\/api.w.org\/{rel}","templated":true}]}}

Formación Continua

<div class="wp-block-cover" style="min-height:300px;aspect-ratio:unset;"><img loading="lazy" decoding="async" width="1536" height="1024" class="wp-block-cover__image-background wp-image-487 size-full" alt="" src="https://egresados.une.edu.pe/wp-content/uploads/2026/04/formacioncontinua.png" style="object-position:64% 25%" data-object-fit="cover" data-object-position="64% 25%" srcset="https://egresados.une.edu.pe/wp-content/uploads/2026/04/formacioncontinua.png 1536w, https://egresados.une.edu.pe/wp-content/uploads/2026/04/formacioncontinua-300x200.png 300w, https://egresados.une.edu.pe/wp-content/uploads/2026/04/formacioncontinua-1024x683.png 1024w, https://egresados.une.edu.pe/wp-content/uploads/2026/04/formacioncontinua-768x512.png 768w" sizes="auto, (max-width: 1536px) 100vw, 1536px" /><span aria-hidden="true" class="wp-block-cover__background has-background-dim-30 has-background-dim" style="background-color:#485ba7"></span><div class="wp-block-cover__inner-container is-layout-constrained wp-block-cover-is-layout-constrained">
<p class="has-text-align-center has-large-font-size">INICIO &gt; <strong>FORMACIÓN CONTINUA</strong><br>Formación Continua</p>
</div></div>



<h2 class="wp-block-heading has-x-large-font-size"><strong>DIPLOMADOS</strong></h2>



<div class="wp-block-media-text is-stacked-on-mobile"><figure class="wp-block-media-text__media"><img loading="lazy" decoding="async" width="724" height="1024" src="https://egresados.une.edu.pe/wp-content/uploads/2026/03/WhatsApp-Image-2026-03-23-at-11.05.28-724x1024.jpeg" alt="" class="wp-image-117 size-full" srcset="https://egresados.une.edu.pe/wp-content/uploads/2026/03/WhatsApp-Image-2026-03-23-at-11.05.28-724x1024.jpeg 724w, https://egresados.une.edu.pe/wp-content/uploads/2026/03/WhatsApp-Image-2026-03-23-at-11.05.28-212x300.jpeg 212w, https://egresados.une.edu.pe/wp-content/uploads/2026/03/WhatsApp-Image-2026-03-23-at-11.05.28-768x1086.jpeg 768w, https://egresados.une.edu.pe/wp-content/uploads/2026/03/WhatsApp-Image-2026-03-23-at-11.05.28-1086x1536.jpeg 1086w, https://egresados.une.edu.pe/wp-content/uploads/2026/03/WhatsApp-Image-2026-03-23-at-11.05.28.jpeg 1131w" sizes="auto, (max-width: 724px) 100vw, 724px" /></figure><div class="wp-block-media-text__content">
<h2 class="wp-block-heading has-text-align-center">DIPLOMADO EN ELABORACIÓN DE LIBROS Y TEXTOS AUTOINSTRUCTIVOS</h2>



<p>El Diplomado tuvo como objetivo desarrollar un conjunto de estrategias que permita elaborar un libro o texto autoinstructivo de manera autónoma.</p>



<p>Organizado por la Dirección de Seguimiento del Egresado y Formación Continua</p>



<p>La modalidad fue híbrida, donde las clases fueron virtuales y el asesoramiento, acompañamiento y retroalimentación fue presencial por parte de los ponentes y evaluadores.</p>



<p>La duración del Diplomado fue de 6 meses.</p>



<p>La certificación fue válida por 24 créditos y 580 horas académicas.</p>



<p>94 participantes inscritos en el Diplomado.</p>



<p>El diplomado fue desarrollado en 6 módulos.</p>



<div class="wp-block-buttons is-content-justification-center is-layout-flex wp-container-core-buttons-is-layout-a89b3969 wp-block-buttons-is-layout-flex">
<div class="wp-block-button is-style-fill"><a class="wp-block-button__link has-luminous-vivid-amber-to-luminous-vivid-orange-gradient-background has-background has-text-align-center wp-element-button">ENCUESTA SATISFACCIÓN</a></div>
</div>
</div></div>



<div class="wp-block-columns is-layout-flex wp-container-core-columns-is-layout-28f84493 wp-block-columns-is-layout-flex">
<div class="wp-block-column is-layout-flow wp-block-column-is-layout-flow">
<div class="wp-block-media-text is-stacked-on-mobile"><figure class="wp-block-media-text__media"><img loading="lazy" decoding="async" width="400" height="399" src="https://egresados.une.edu.pe/wp-content/uploads/2026/03/DR-RAUL-CORTEZ-BERROCAL-1.jpg" alt="" class="wp-image-119 size-full" srcset="https://egresados.une.edu.pe/wp-content/uploads/2026/03/DR-RAUL-CORTEZ-BERROCAL-1.jpg 400w, https://egresados.une.edu.pe/wp-content/uploads/2026/03/DR-RAUL-CORTEZ-BERROCAL-1-300x300.jpg 300w, https://egresados.une.edu.pe/wp-content/uploads/2026/03/DR-RAUL-CORTEZ-BERROCAL-1-150x150.jpg 150w" sizes="auto, (max-width: 400px) 100vw, 400px" /></figure><div class="wp-block-media-text__content">
<p>PONENTE PRINCIPAL</p>



<p>Dr. José Raúl Cortez Berrocal</p>



<p class="has-text-align-left has-small-font-size">Pedagogo de probada capacidad para resolver tareas en el campo de la educación; teniendo en cuenta la Gestión Institucional, la Gestión Pedagógica y la Gestión Administrativa. Desarrolla la gestión educativa, la teoría y doctrina educativa, la planificación y programación curricular, la didáctica general y especial, estrategias de enseñanza y aprendizaje, evaluación de los aprendizajes y formulación de proyectos productivos.</p>
</div></div>



<div class="wp-block-media-text is-stacked-on-mobile"><figure class="wp-block-media-text__media"><img loading="lazy" decoding="async" width="1024" height="1024" src="https://egresados.une.edu.pe/wp-content/uploads/2026/04/marypantachunga-1.png" alt="" class="wp-image-497 size-full" srcset="https://egresados.une.edu.pe/wp-content/uploads/2026/04/marypantachunga-1.png 1024w, https://egresados.une.edu.pe/wp-content/uploads/2026/04/marypantachunga-1-300x300.png 300w, https://egresados.une.edu.pe/wp-content/uploads/2026/04/marypantachunga-1-150x150.png 150w, https://egresados.une.edu.pe/wp-content/uploads/2026/04/marypantachunga-1-768x768.png 768w" sizes="auto, (max-width: 1024px) 100vw, 1024px" /></figure><div class="wp-block-media-text__content">
<p>PONENTE Y ORGANIZADORA</p>



<p>Dra. Mary Inocencia Panta Chunga</p>



<p class="has-small-font-size">Docente ADE de la Universidad Nacional Enrique Guzmán y Valle, doctora en Ciencias de la Educación, Magister en docencia Universitaria, licenciada en Ciencias de la Educación en la especialidad de Lengua y Literatura, bachiller en Ciencias de la Educación, con experiencia en el magisterio Nacional en el campo pedagógico, administrativo e investigación educativa con producción y publicación de artículos científicos, así como libros físicos y electrónicos. Actualmente ejerce la docencia universitaria y es Directora Seguimiento del Egresado y Formación Continua.</p>
</div></div>
</div>



<div class="wp-block-column is-layout-flow wp-block-column-is-layout-flow">
<div class="wp-block-media-text is-stacked-on-mobile" style="grid-template-columns:39% auto"><figure class="wp-block-media-text__media"><img loading="lazy" decoding="async" width="738" height="1015" src="https://egresados.une.edu.pe/wp-content/uploads/2026/04/fernandomendoza-2.jpeg" alt="" class="wp-image-493 size-full" srcset="https://egresados.une.edu.pe/wp-content/uploads/2026/04/fernandomendoza-2.jpeg 738w, https://egresados.une.edu.pe/wp-content/uploads/2026/04/fernandomendoza-2-218x300.jpeg 218w" sizes="auto, (max-width: 738px) 100vw, 738px" /></figure><div class="wp-block-media-text__content">
<p>PONENTE</p>



<p>Dr. Fernando Mendoza Urbina</p>



<p class="has-text-align-left has-small-font-size">Docente investigador de la Universidad Nacional Enrique Guzmán y Valle, en la Facultad de Ciencias Sociales y Humanidades, ha publicado libros de narrativa contemporánea y comunicación oral. Con experiencia en educación básica regular en la especialidad de Literatura y Lengua Española. Doctor en Ciencias de la Educación y magi­ster en Administración de la Educación. Estudios de Segunda Especialidad en Didáctica de la Investigación en Entornos Virtuales. Diplomado en Herramientas del Coaching para el Desarrollo de Habilidades Sociales.</p>
</div></div>



<div class="wp-block-media-text is-stacked-on-mobile is-vertically-aligned-center" style="grid-template-columns:45% auto"><figure class="wp-block-media-text__media"><img loading="lazy" decoding="async" width="207" height="215" src="https://egresados.une.edu.pe/wp-content/uploads/2026/04/recc1-2.png" alt="" class="wp-image-596 size-full"/></figure><div class="wp-block-media-text__content">
<p class="has-text-align-center">¿RECOMENDARIA ESTE DIPLOMADO A OTRAS PERSONAS?</p>



<p>Un 96.9% de participantes del diplomado recomendarían nuestro diplomado a otras personas.</p>
</div></div>



<div class="wp-block-media-text is-stacked-on-mobile" style="grid-template-columns:45% auto"><figure class="wp-block-media-text__media"><img loading="lazy" decoding="async" width="287" height="247" src="https://egresados.une.edu.pe/wp-content/uploads/2026/04/recc2.png" alt="" class="wp-image-597 size-full"/></figure><div class="wp-block-media-text__content">
<p class="has-text-align-center">¿CUAL ES TU VALORACIÓN DEL CURSO?</p>



<p>El 100% de los participantes considera positivamente el Diplomado. Asimismo el 81.3% considera que fue Excelente y un 18.8% considera que fue Adecuado.</p>
</div></div>
</div>
</div>



<p></p>

<p>DIPLOMADOS PONENTE PRINCIPAL Dr. José Raúl Cortez Berrocal Pedagogo de probada capacidad para resolver tareas en el campo de la [&hellip;]</p>
