{"id":94,"date":"2026-03-23T15:20:46","date_gmt":"2026-03-23T14:20:46","guid":{"rendered":"https:\/\/egresados.une.edu.pe\/?page_id=94"},"modified":"2026-04-23T21:47:44","modified_gmt":"2026-04-23T19:47:44","slug":"nosotros","status":"publish","type":"page","link":"https:\/\/egresados.une.edu.pe\/index.php\/nosotros\/","title":{"rendered":"Nosotros"},"content":{"rendered":"\n<div class=\"wp-block-cover\" style=\"min-height:300px;aspect-ratio:unset;\"><img loading=\"lazy\" decoding=\"async\" width=\"1536\" height=\"1024\" class=\"wp-block-cover__image-background wp-image-483 size-full\" alt=\"\" src=\"https:\/\/egresados.une.edu.pe\/wp-content\/uploads\/2026\/04\/equitraaaa.png\" style=\"object-position:48% 25%\" data-object-fit=\"cover\" data-object-position=\"48% 25%\" srcset=\"https:\/\/egresados.une.edu.pe\/wp-content\/uploads\/2026\/04\/equitraaaa.png 1536w, https:\/\/egresados.une.edu.pe\/wp-content\/uploads\/2026\/04\/equitraaaa-300x200.png 300w, https:\/\/egresados.une.edu.pe\/wp-content\/uploads\/2026\/04\/equitraaaa-1024x683.png 1024w, https:\/\/egresados.une.edu.pe\/wp-content\/uploads\/2026\/04\/equitraaaa-768x512.png 768w\" sizes=\"auto, (max-width: 1536px) 100vw, 1536px\" \/><span aria-hidden=\"true\" class=\"wp-block-cover__background has-background-dim-40 has-background-dim\" style=\"background-color:#4862ac\"><\/span><div class=\"wp-block-cover__inner-container is-layout-constrained wp-block-cover-is-layout-constrained\">\n<p class=\"has-text-align-center has-ast-global-color-2-color has-text-color has-link-color has-large-font-size wp-elements-1100d774d975aba7a16c9dbedb8c2740\"><strong>INICIO &gt; NOSOTROS<br>Nosotros<\/strong><\/p>\n<\/div><\/div>\n\n\n\n<h2 class=\"wp-block-heading alignwide has-text-align-center has-text-color has-link-color wp-elements-dc352bb9ed387acfe5ff60d8208f27d2\" style=\"color:#f5d76e\"><strong>EQUIPO DE TRABAJO DE LA DIRECCI\u00d3N DE SEGUIMIENTO DEL EGRESADO Y FORMACI\u00d3N CONTINUA<\/strong><\/h2>\n\n\n\n<p class=\"has-text-align-center\">EL EQUIPO ENCARGADO DE DESARROLLAR LAS ACTIVIDADES DE FORMACI\u00d3N CONTINUA Y DAR SEGUIMIENTO A LOS EGRESADOS DE LA UNIVERSIDAD NACIONAL DE EDUCACI\u00d3N ENRIQUE GUZM\u00c1N Y VALLE LA CANTUTA<\/p>\n\n\n\n<div class=\"wp-block-columns is-layout-flex wp-container-core-columns-is-layout-28f84493 wp-block-columns-is-layout-flex\">\n<div class=\"wp-block-column is-layout-flow wp-block-column-is-layout-flow\">\n<figure class=\"wp-block-image size-large\"><img loading=\"lazy\" decoding=\"async\" width=\"683\" height=\"1024\" src=\"https:\/\/egresados.une.edu.pe\/wp-content\/uploads\/2026\/04\/DOCTORAPANTALOGOUNEIZQUIERDA-683x1024.png\" alt=\"\" class=\"wp-image-335\" srcset=\"https:\/\/egresados.une.edu.pe\/wp-content\/uploads\/2026\/04\/DOCTORAPANTALOGOUNEIZQUIERDA-683x1024.png 683w, https:\/\/egresados.une.edu.pe\/wp-content\/uploads\/2026\/04\/DOCTORAPANTALOGOUNEIZQUIERDA-200x300.png 200w, https:\/\/egresados.une.edu.pe\/wp-content\/uploads\/2026\/04\/DOCTORAPANTALOGOUNEIZQUIERDA-768x1152.png 768w, https:\/\/egresados.une.edu.pe\/wp-content\/uploads\/2026\/04\/DOCTORAPANTALOGOUNEIZQUIERDA.png 1024w\" sizes=\"auto, (max-width: 683px) 100vw, 683px\" \/><\/figure>\n<\/div>\n\n\n\n<div class=\"wp-block-column is-layout-flow wp-block-column-is-layout-flow\">\n<h2 class=\"wp-block-heading has-text-align-center\">Dra. Mary Inocencia Panta Chunga<\/h2>\n\n\n\n<pre class=\"wp-block-preformatted has-background\" style=\"background-color:#2e82d12e\"><strong>Directora de la Oficina de Seguimiento del Egresado y Formaci\u00f3n Continua.<\/strong><\/pre>\n\n\n\n<h2 class=\"wp-block-heading has-text-color has-link-color wp-elements-552822a2960d7f13cbf21f97111ea4fb\" style=\"color:#f5d76e\">Formaci\u00f3n Profesional<\/h2>\n\n\n\n<ul class=\"wp-block-list\">\n<li>Doctor en Ciencias de la Educaci\u00f3n<\/li>\n\n\n\n<li>Magister en Docencia Universitaria<\/li>\n\n\n\n<li>Egresada del programa de estudios de Sociolog\u00eda de la Universidad Nacional Mayor de San Marcos<\/li>\n\n\n\n<li>Licenciada en Ciencias de la Educaci\u00f3n con especialidad en Lengua y Literatura.<\/li>\n<\/ul>\n<\/div>\n\n\n\n<div class=\"wp-block-column is-layout-flow wp-block-column-is-layout-flow\">\n<h2 class=\"wp-block-heading has-text-color has-link-color wp-elements-67449c636e846d74ac4f21607e6ccef4\" style=\"color:#f5d76e\">Trayectoria<\/h2>\n\n\n\n<ul class=\"wp-block-list\">\n<li>34+ a\u00f1os al servicio del Magisterio Nacional<\/li>\n\n\n\n<li>20+ a\u00f1os laborando en Docencia Universitaria<\/li>\n\n\n\n<li>Universidad Nacional Jorge Basadre Grohmann &#8211; Tacna<\/li>\n\n\n\n<li>Universidad Nacional de Eduaci\u00f3n Enrique Guzman y Valle<\/li>\n<\/ul>\n\n\n\n<h2 class=\"wp-block-heading has-text-color has-link-color wp-elements-fd38b9b656643bd26132550ba2a581c0\" style=\"color:#f5d76e\"><strong>Funciones en SEyFC<\/strong><\/h2>\n\n\n\n<ul class=\"wp-block-list\">\n<li>Direcci\u00f3n de la oficina de SEyFC<\/li>\n\n\n\n<li>Gesti\u00f3n de actividades de SEyFC<\/li>\n\n\n\n<li>Gesti\u00f3n de documentos de SEyFC<\/li>\n\n\n\n<li>Gesti\u00f3n y elaboraci\u00f3n de Programas de Formaci\u00f3n Continua<\/li>\n\n\n\n<li>Manejo y Liderazgo del equipo de trabajo de la oficina SEyFC<\/li>\n\n\n\n<li>Coordinaci\u00f3n y ejecuci\u00f3n de Proyectos<\/li>\n<\/ul>\n<\/div>\n<\/div>\n\n\n\n<div class=\"wp-block-columns is-layout-flex wp-container-core-columns-is-layout-28f84493 wp-block-columns-is-layout-flex\">\n<div class=\"wp-block-column is-layout-flow wp-block-column-is-layout-flow\">\n<figure class=\"wp-block-image size-large\"><img loading=\"lazy\" decoding=\"async\" width=\"683\" height=\"1024\" src=\"https:\/\/egresados.une.edu.pe\/wp-content\/uploads\/2026\/04\/ChatGPT-Image-19-mar-2026-15_03_28-683x1024.png\" alt=\"\" class=\"wp-image-336\" srcset=\"https:\/\/egresados.une.edu.pe\/wp-content\/uploads\/2026\/04\/ChatGPT-Image-19-mar-2026-15_03_28-683x1024.png 683w, https:\/\/egresados.une.edu.pe\/wp-content\/uploads\/2026\/04\/ChatGPT-Image-19-mar-2026-15_03_28-200x300.png 200w, https:\/\/egresados.une.edu.pe\/wp-content\/uploads\/2026\/04\/ChatGPT-Image-19-mar-2026-15_03_28-768x1152.png 768w, https:\/\/egresados.une.edu.pe\/wp-content\/uploads\/2026\/04\/ChatGPT-Image-19-mar-2026-15_03_28.png 1024w\" sizes=\"auto, (max-width: 683px) 100vw, 683px\" \/><\/figure>\n<\/div>\n\n\n\n<div class=\"wp-block-column is-layout-flow wp-block-column-is-layout-flow\">\n<h2 class=\"wp-block-heading has-text-align-center\">Ing. Piero Alexis Espinoza Chocce<\/h2>\n\n\n\n<pre class=\"wp-block-preformatted has-background\" style=\"background-color:#2e82d12e\"><strong>Especialista de la Oficina de Seguimiento del Egresado y Formaci\u00f3n Continua.<\/strong><\/pre>\n\n\n\n<h2 class=\"wp-block-heading has-text-color has-link-color wp-elements-df4de9d0c1aa63ff21e27cc9d2a532f5\" style=\"color:#f5d76e\">Formaci\u00f3n profesional<\/h2>\n\n\n\n<ul class=\"wp-block-list\">\n<li>Ingenier\u00eda de Sistemas y Tecnolog\u00edas de Informaci\u00f3n<\/li>\n\n\n\n<li>Especialista en Aplicaciones<\/li>\n\n\n\n<li>Especialista en Gesti\u00f3n de Procesos<\/li>\n\n\n\n<li>Conocimientos en Gesti\u00f3n Educativa<\/li>\n\n\n\n<li>Conocimientos y aplicaci\u00f3n de IA en la Educaci\u00f3n<\/li>\n\n\n\n<li>Ingl\u00e9s Avanzado<\/li>\n<\/ul>\n<\/div>\n\n\n\n<div class=\"wp-block-column is-layout-flow wp-block-column-is-layout-flow\">\n<h2 class=\"wp-block-heading has-text-color has-link-color wp-elements-67449c636e846d74ac4f21607e6ccef4\" style=\"color:#f5d76e\">Trayectoria<\/h2>\n\n\n\n<ul class=\"wp-block-list\">\n<li>+6 a\u00f1os en el sector Privado<\/li>\n\n\n\n<li>+1 a\u00f1o en el sector P\u00fablico<\/li>\n\n\n\n<li>Universidad Privada C\u00e9sar Vallejo<\/li>\n\n\n\n<li>Actualmente cursando Maestr\u00eda en Transformaci\u00f3n Digital<\/li>\n<\/ul>\n\n\n\n<h2 class=\"wp-block-heading\">Funciones en SEyFC<\/h2>\n\n\n\n<ul class=\"wp-block-list\">\n<li>Transformaci\u00f3n Digital para la oficina de Seguimiento del Egresado y Formaci\u00f3n Continua<\/li>\n\n\n\n<li>Gesti\u00f3n de procesos de SEyFC<\/li>\n\n\n\n<li>Elaboraci\u00f3n de proyectos, cursos y planes para SEyFC<\/li>\n\n\n\n<li>Coordinaci\u00f3n y ejecuci\u00f3n de actividades de Formaci\u00f3n Continua<\/li>\n\n\n\n<li>Administraci\u00f3n de recursos WEB de la oficina SEyFC<\/li>\n<\/ul>\n<\/div>\n<\/div>\n\n\n\n<div class=\"wp-block-columns is-layout-flex wp-container-core-columns-is-layout-28f84493 wp-block-columns-is-layout-flex\">\n<div class=\"wp-block-column is-layout-flow wp-block-column-is-layout-flow\">\n<figure class=\"wp-block-image size-large\"><img loading=\"lazy\" decoding=\"async\" width=\"683\" height=\"1024\" src=\"https:\/\/egresados.une.edu.pe\/wp-content\/uploads\/2026\/04\/WhatsApp-Image-2026-03-23-at-10.46.48-1-683x1024.jpeg\" alt=\"\" class=\"wp-image-387\" srcset=\"https:\/\/egresados.une.edu.pe\/wp-content\/uploads\/2026\/04\/WhatsApp-Image-2026-03-23-at-10.46.48-1-683x1024.jpeg 683w, https:\/\/egresados.une.edu.pe\/wp-content\/uploads\/2026\/04\/WhatsApp-Image-2026-03-23-at-10.46.48-1-200x300.jpeg 200w, https:\/\/egresados.une.edu.pe\/wp-content\/uploads\/2026\/04\/WhatsApp-Image-2026-03-23-at-10.46.48-1-768x1152.jpeg 768w, https:\/\/egresados.une.edu.pe\/wp-content\/uploads\/2026\/04\/WhatsApp-Image-2026-03-23-at-10.46.48-1.jpeg 1024w\" sizes=\"auto, (max-width: 683px) 100vw, 683px\" \/><\/figure>\n<\/div>\n\n\n\n<div class=\"wp-block-column is-layout-flow wp-block-column-is-layout-flow\">\n<h2 class=\"wp-block-heading\">Tec. Octavio Sammiel Mejia Medina<\/h2>\n\n\n\n<pre class=\"wp-block-preformatted has-background\" style=\"background-color:#2e82d12e\"><strong>Administrativo de la oficina de Seguimiento del Egresado y Formaci\u00f3n Continua.<\/strong><\/pre>\n\n\n\n<h2 class=\"wp-block-heading has-text-color has-link-color wp-elements-df4de9d0c1aa63ff21e27cc9d2a532f5\" style=\"color:#f5d76e\">Formaci\u00f3n profesional<\/h2>\n\n\n\n<ul class=\"wp-block-list\">\n<li>T\u00e9cnico profesional en Administraci\u00f3n de Empresas<\/li>\n\n\n\n<li>Conocimiento en Ofim\u00e1tica avanzada<\/li>\n\n\n\n<li>Conocimiento en Soporte TI<\/li>\n\n\n\n<li>Conocimiento en Dise\u00f1o Gr\u00e1fico<\/li>\n<\/ul>\n<\/div>\n\n\n\n<div class=\"wp-block-column is-layout-flow wp-block-column-is-layout-flow\">\n<h2 class=\"wp-block-heading has-text-color has-link-color wp-elements-67449c636e846d74ac4f21607e6ccef4\" style=\"color:#f5d76e\">Trayectoria<\/h2>\n\n\n\n<ul class=\"wp-block-list\">\n<li>+5 a\u00f1os en el sector Privado<\/li>\n\n\n\n<li>+1 a\u00f1o en el sector P\u00fablico<\/li>\n\n\n\n<li>Instituto de Educaci\u00f3n Superior Tecnol\u00f3gico Privado EXPRO<\/li>\n<\/ul>\n\n\n\n<h2 class=\"wp-block-heading has-text-color has-link-color wp-elements-907fca3a422b9afc14209c3fdae57ada\" style=\"color:#f5d76e\">Funciones en SEyFC<\/h2>\n\n\n\n<ul class=\"wp-block-list\">\n<li>Soporte TI de la oficina SEyFC<\/li>\n\n\n\n<li>Elaboraci\u00f3n de marketing digital para SEyFC<\/li>\n\n\n\n<li>Publicaci\u00f3n de ofertas laborales en Bolsa de Trabajo<\/li>\n\n\n\n<li>Administraci\u00f3n de Bases de Datos de empresas y ofertas<\/li>\n<\/ul>\n<\/div>\n<\/div>\n\n\n\n<div class=\"wp-block-columns is-layout-flex wp-container-core-columns-is-layout-28f84493 wp-block-columns-is-layout-flex\">\n<div class=\"wp-block-column is-layout-flow wp-block-column-is-layout-flow\">\n<figure class=\"wp-block-image size-large\"><img loading=\"lazy\" decoding=\"async\" width=\"683\" height=\"1024\" src=\"https:\/\/egresados.une.edu.pe\/wp-content\/uploads\/2026\/04\/giovanna-683x1024.jpeg\" alt=\"\" class=\"wp-image-382\" srcset=\"https:\/\/egresados.une.edu.pe\/wp-content\/uploads\/2026\/04\/giovanna-683x1024.jpeg 683w, https:\/\/egresados.une.edu.pe\/wp-content\/uploads\/2026\/04\/giovanna-200x300.jpeg 200w, https:\/\/egresados.une.edu.pe\/wp-content\/uploads\/2026\/04\/giovanna-768x1152.jpeg 768w, https:\/\/egresados.une.edu.pe\/wp-content\/uploads\/2026\/04\/giovanna.jpeg 1024w\" sizes=\"auto, (max-width: 683px) 100vw, 683px\" \/><\/figure>\n<\/div>\n\n\n\n<div class=\"wp-block-column is-layout-flow wp-block-column-is-layout-flow\">\n<h2 class=\"wp-block-heading has-text-align-center\">Tec. Giovana Lisbeth Rojas Huam\u00e1n<\/h2>\n\n\n\n<pre class=\"wp-block-preformatted has-background\" style=\"background-color:#2e82d12e\"><strong>Secretaria de la oficina de Seguimiento del Egresado y Formaci\u00f3n Continua.<\/strong><\/pre>\n\n\n\n<h2 class=\"wp-block-heading has-text-color has-link-color wp-elements-df4de9d0c1aa63ff21e27cc9d2a532f5\" style=\"color:#f5d76e\">Formaci\u00f3n profesional<\/h2>\n\n\n\n<ul class=\"wp-block-list\">\n<li>Titulo en Secretar\u00eda<\/li>\n\n\n\n<li>Conocimiento en Ofim\u00e1tica avanzada<\/li>\n\n\n\n<li>Conocimiento b\u00e1sico en Contabilidad<\/li>\n\n\n\n<li>Conocimiento b\u00e1sico en Elaboraci\u00f3n de programas<\/li>\n<\/ul>\n<\/div>\n\n\n\n<div class=\"wp-block-column is-layout-flow wp-block-column-is-layout-flow\">\n<h2 class=\"wp-block-heading has-text-color has-link-color wp-elements-67449c636e846d74ac4f21607e6ccef4\" style=\"color:#f5d76e\">Trayectoria<\/h2>\n\n\n\n<ul class=\"wp-block-list\">\n<li>+18 a\u00f1os en en sector P\u00fablico<\/li>\n\n\n\n<li>Instituto de Educaci\u00f3n Superior Cepea<\/li>\n<\/ul>\n\n\n\n<h2 class=\"wp-block-heading has-text-color has-link-color wp-elements-907fca3a422b9afc14209c3fdae57ada\" style=\"color:#f5d76e\">Funciones en SEyFC<\/h2>\n\n\n\n<ul class=\"wp-block-list\">\n<li>Gestionar los expedientes e informaci\u00f3n documentaria de SEyFC<\/li>\n\n\n\n<li>Redacci\u00f3n de documentos administrativos seg\u00fan requerimientos<\/li>\n\n\n\n<li>Orientaci\u00f3n p\u00fablica sobre gestiones y documentos<\/li>\n\n\n\n<li>Velar por la seguridad y conservaci\u00f3n de documentos<\/li>\n\n\n\n<li>Gesti\u00f3n y distribuci\u00f3n de materiales \u00fatiles para la oficina SEyFC<\/li>\n<\/ul>\n<\/div>\n<\/div>\n\n\n\n<div class=\"wp-block-columns is-layout-flex wp-container-core-columns-is-layout-28f84493 wp-block-columns-is-layout-flex\">\n<div class=\"wp-block-column is-layout-flow wp-block-column-is-layout-flow\">\n<figure class=\"wp-block-gallery has-nested-images columns-default is-cropped wp-block-gallery-1 is-layout-flex wp-block-gallery-is-layout-flex\">\n<figure class=\"wp-block-image size-large\"><img loading=\"lazy\" decoding=\"async\" width=\"576\" height=\"1024\" data-id=\"807\" src=\"https:\/\/egresados.une.edu.pe\/wp-content\/uploads\/2026\/04\/ChatGPT-Image-23-abr-2026-02_45_42-p.m-1-576x1024.png\" alt=\"\" class=\"wp-image-807\" srcset=\"https:\/\/egresados.une.edu.pe\/wp-content\/uploads\/2026\/04\/ChatGPT-Image-23-abr-2026-02_45_42-p.m-1-576x1024.png 576w, https:\/\/egresados.une.edu.pe\/wp-content\/uploads\/2026\/04\/ChatGPT-Image-23-abr-2026-02_45_42-p.m-1-169x300.png 169w, https:\/\/egresados.une.edu.pe\/wp-content\/uploads\/2026\/04\/ChatGPT-Image-23-abr-2026-02_45_42-p.m-1-768x1365.png 768w, https:\/\/egresados.une.edu.pe\/wp-content\/uploads\/2026\/04\/ChatGPT-Image-23-abr-2026-02_45_42-p.m-1-864x1536.png 864w, https:\/\/egresados.une.edu.pe\/wp-content\/uploads\/2026\/04\/ChatGPT-Image-23-abr-2026-02_45_42-p.m-1.png 941w\" sizes=\"auto, (max-width: 576px) 100vw, 576px\" \/><\/figure>\n<\/figure>\n<\/div>\n\n\n\n<div class=\"wp-block-column is-layout-flow wp-block-column-is-layout-flow\">\n<h2 class=\"wp-block-heading\">Lic. Karina Beatriz Giurfa Martinez<\/h2>\n\n\n\n<pre class=\"wp-block-preformatted has-background\" style=\"background-color:#2e82d12e\"><strong>Administrativo de la oficina de Seguimiento del Egresado y Formaci\u00f3n Continua.<\/strong><\/pre>\n\n\n\n<h2 class=\"wp-block-heading has-text-color has-link-color wp-elements-df4de9d0c1aa63ff21e27cc9d2a532f5\" style=\"color:#f5d76e\">Formaci\u00f3n profesional<\/h2>\n\n\n\n<ul class=\"wp-block-list\">\n<li>Licenciada en Administraci\u00f3n de Empresas<\/li>\n\n\n\n<li>Diplomado en Administraci\u00f3n y Gesti\u00f3n P\u00fablica<\/li>\n\n\n\n<li>Diplomado en Acreditaci\u00f3n y Calidad Educativa<\/li>\n\n\n\n<li>Conocimiento en Gesti\u00f3n de Recursos Humanos<\/li>\n<\/ul>\n<\/div>\n\n\n\n<div class=\"wp-block-column is-layout-flow wp-block-column-is-layout-flow\">\n<h2 class=\"wp-block-heading has-text-color has-link-color wp-elements-67449c636e846d74ac4f21607e6ccef4\" style=\"color:#f5d76e\">Trayectoria<\/h2>\n\n\n\n<ul class=\"wp-block-list\">\n<li>+11 a\u00f1os en el sector Privado<\/li>\n\n\n\n<li>+6 a\u00f1os en el sector P\u00fablico<\/li>\n\n\n\n<li>Universidad Nacional de Educaci\u00f3n Enrique Guzm\u00e1n y Valle<\/li>\n<\/ul>\n\n\n\n<h2 class=\"wp-block-heading has-text-color has-link-color wp-elements-907fca3a422b9afc14209c3fdae57ada\" style=\"color:#f5d76e\">Funciones en SEyFC<\/h2>\n\n\n\n<ul class=\"wp-block-list\">\n<li>Administraci\u00f3n de Bases de Datos de egresados<\/li>\n\n\n\n<li>Elaboraci\u00f3n de Marketing Digital para SEyFC<\/li>\n\n\n\n<li>Elaboraci\u00f3n y Aplicaci\u00f3n de Encuestas de necesidad y satisfacci\u00f3n<\/li>\n\n\n\n<li>Gesti\u00f3n y difusi\u00f3n de informaci\u00f3n de programas de Formaci\u00f3n Continua para los Egresados<\/li>\n<\/ul>\n<\/div>\n<\/div>\n\n\n\n<p><\/p>\n","protected":false},"excerpt":{"rendered":"<p>EQUIPO DE TRABAJO DE LA DIRECCI\u00d3N DE SEGUIMIENTO DEL EGRESADO Y FORMACI\u00d3N CONTINUA EL EQUIPO ENCARGADO DE DESARROLLAR LAS ACTIVIDADES [&hellip;]<\/p>\n","protected":false},"author":1,"featured_media":0,"parent":0,"menu_order":0,"comment_status":"closed","ping_status":"closed","template":"","meta":{"site-sidebar-layout":"default","site-content-layout":"","ast-site-content-layout":"default","site-content-style":"default","site-sidebar-style":"default","ast-global-header-display":"","ast-banner-title-visibility":"","ast-main-header-display":"","ast-hfb-above-header-display":"","ast-hfb-below-header-display":"","ast-hfb-mobile-header-display":"","site-post-title":"disabled","ast-breadcrumbs-content":"","ast-featured-img":"","footer-sml-layout":"","ast-disable-related-posts":"","theme-transparent-header-meta":"","adv-header-id-meta":"","stick-header-meta":"","header-above-stick-meta":"","header-main-stick-meta":"","header-below-stick-meta":"","astra-migrate-meta-layouts":"default","ast-page-background-enabled":"default","ast-page-background-meta":{"desktop":{"background-color":"var(--ast-global-color-5)","background-image":"","background-repeat":"repeat","background-position":"center center","background-size":"auto","background-attachment":"scroll","background-type":"","background-media":"","overlay-type":"","overlay-color":"","overlay-opacity":"","overlay-gradient":""},"tablet":{"background-color":"","background-image":"","background-repeat":"repeat","background-position":"center center","background-size":"auto","background-attachment":"scroll","background-type":"","background-media":"","overlay-type":"","overlay-color":"","overlay-opacity":"","overlay-gradient":""},"mobile":{"background-color":"","background-image":"","background-repeat":"repeat","background-position":"center center","background-size":"auto","background-attachment":"scroll","background-type":"","background-media":"","overlay-type":"","overlay-color":"","overlay-opacity":"","overlay-gradient":""}},"ast-content-background-meta":{"desktop":{"background-color":"var(--ast-global-color-4)","background-image":"","background-repeat":"repeat","background-position":"center center","background-size":"auto","background-attachment":"scroll","background-type":"","background-media":"","overlay-type":"","overlay-color":"","overlay-opacity":"","overlay-gradient":""},"tablet":{"background-color":"var(--ast-global-color-4)","background-image":"","background-repeat":"repeat","background-position":"center center","background-size":"auto","background-attachment":"scroll","background-type":"","background-media":"","overlay-type":"","overlay-color":"","overlay-opacity":"","overlay-gradient":""},"mobile":{"background-color":"var(--ast-global-color-4)","background-image":"","background-repeat":"repeat","background-position":"center center","background-size":"auto","background-attachment":"scroll","background-type":"","background-media":"","overlay-type":"","overlay-color":"","overlay-opacity":"","overlay-gradient":""}},"footnotes":""},"class_list":["post-94","page","type-page","status-publish","hentry"],"_links":{"self":[{"href":"https:\/\/egresados.une.edu.pe\/index.php\/wp-json\/wp\/v2\/pages\/94","targetHints":{"allow":["GET"]}}],"collection":[{"href":"https:\/\/egresados.une.edu.pe\/index.php\/wp-json\/wp\/v2\/pages"}],"about":[{"href":"https:\/\/egresados.une.edu.pe\/index.php\/wp-json\/wp\/v2\/types\/page"}],"author":[{"embeddable":true,"href":"https:\/\/egresados.une.edu.pe\/index.php\/wp-json\/wp\/v2\/users\/1"}],"replies":[{"embeddable":true,"href":"https:\/\/egresados.une.edu.pe\/index.php\/wp-json\/wp\/v2\/comments?post=94"}],"version-history":[{"count":19,"href":"https:\/\/egresados.une.edu.pe\/index.php\/wp-json\/wp\/v2\/pages\/94\/revisions"}],"predecessor-version":[{"id":808,"href":"https:\/\/egresados.une.edu.pe\/index.php\/wp-json\/wp\/v2\/pages\/94\/revisions\/808"}],"wp:attachment":[{"href":"https:\/\/egresados.une.edu.pe\/index.php\/wp-json\/wp\/v2\/media?parent=94"}],"curies":[{"name":"wp","href":"https:\/\/api.w.org\/{rel}","templated":true}]}}